{"id":186185,"date":"2023-02-01T08:15:05","date_gmt":"2023-02-01T07:15:05","guid":{"rendered":"https:\/\/presse.tirol.at\/app\/uploads\/2023\/02\/DSC_4798.jpg"},"modified":"2023-02-01T08:16:16","modified_gmt":"2023-02-01T07:16:16","slug":"dsc_4798-2","status":"inherit","type":"attachment","link":"https:\/\/presse.tirol.at\/en\/dsc_4798-2\/","title":{"rendered":"DSC_4798"},"author":15,"featured_media":0,"comment_status":"closed","ping_status":"closed","template":"","meta":{"_acf_changed":false},"attachment_category":[],"attachment_tag":[],"class_list":["post-186185","attachment","type-attachment","status-inherit","hentry"],"acf":[],"yoast_head":"<!-- This site is optimized with the Yoast SEO plugin v25.1 - https:\/\/yoast.com\/wordpress\/plugins\/seo\/ -->\n<title>DSC_4798 - Presse.Tirol<\/title>\n<meta name=\"robots\" content=\"index, follow, max-snippet:-1, max-image-preview:large, max-video-preview:-1\" \/>\n<link rel=\"canonical\" href=\"https:\/\/presse.tirol.at\/en\/dsc_4798-2\/\" \/>\n<meta property=\"og:locale\" content=\"en_US\" \/>\n<meta property=\"og:type\" content=\"article\" \/>\n<meta property=\"og:title\" content=\"DSC_4798 - Presse.Tirol\" \/>\n<meta property=\"og:description\" content=\"Die Troph\u00e4e des Tirol Touristica stammt vom K\u00fcnstler Alois Schild und wird j\u00e4hrlich im Rahmen des Tourismusforums f\u00fcr \u2026\" \/>\n<meta property=\"og:url\" content=\"https:\/\/presse.tirol.at\/en\/dsc_4798-2\/\" \/>\n<meta property=\"og:site_name\" content=\"Presse.Tirol\" \/>\n<meta property=\"article:modified_time\" content=\"2023-02-01T07:16:16+00:00\" \/>\n<meta property=\"og:image\" content=\"https:\/\/presse.tirol.at\/app\/uploads\/2023\/02\/DSC_4798-scaled.jpg\" \/>\n\t<meta property=\"og:image:width\" content=\"2560\" \/>\n\t<meta property=\"og:image:height\" content=\"1514\" \/>\n\t<meta property=\"og:image:type\" content=\"image\/jpeg\" \/>\n<meta name=\"twitter:card\" content=\"summary_large_image\" \/>\n<meta name=\"twitter:label1\" content=\"Written by\" \/>\n\t<meta name=\"twitter:data1\" content=\"Julia Scheiring\" \/>\n<script type=\"application\/ld+json\" class=\"yoast-schema-graph\">{\"@context\":\"https:\/\/schema.org\",\"@graph\":[{\"@type\":\"WebPage\",\"@id\":\"https:\/\/presse.tirol.at\/en\/dsc_4798-2\/\",\"url\":\"https:\/\/presse.tirol.at\/en\/dsc_4798-2\/\",\"name\":\"DSC_4798 - Presse.Tirol\",\"isPartOf\":{\"@id\":\"https:\/\/presse.tirol.at\/en\/#website\"},\"datePublished\":\"2023-02-01T07:15:05+00:00\",\"dateModified\":\"2023-02-01T07:16:16+00:00\",\"inLanguage\":\"en-EN\",\"potentialAction\":[{\"@type\":\"ReadAction\",\"target\":[\"https:\/\/presse.tirol.at\/en\/dsc_4798-2\/\"]}]},{\"@type\":\"WebSite\",\"@id\":\"https:\/\/presse.tirol.at\/en\/#website\",\"url\":\"https:\/\/presse.tirol.at\/en\/\",\"name\":\"Presse.Tirol\",\"description\":\"Regionale Presseplattform der Tirol Werbung und den Tiroler Tourismusverb\u00e4nden\",\"potentialAction\":[{\"@type\":\"SearchAction\",\"target\":{\"@type\":\"EntryPoint\",\"urlTemplate\":\"https:\/\/presse.tirol.at\/en\/?s={search_term_string}\"},\"query-input\":{\"@type\":\"PropertyValueSpecification\",\"valueRequired\":true,\"valueName\":\"search_term_string\"}}],\"inLanguage\":\"en-EN\"}]}<\/script>\n<!-- \/ Yoast SEO plugin. -->","yoast_head_json":{"title":"DSC_4798 - Presse.Tirol","robots":{"index":"index","follow":"follow","max-snippet":"max-snippet:-1","max-image-preview":"max-image-preview:large","max-video-preview":"max-video-preview:-1"},"canonical":"https:\/\/presse.tirol.at\/en\/dsc_4798-2\/","og_locale":"en_US","og_type":"article","og_title":"DSC_4798 - Presse.Tirol","og_description":"Die Troph\u00e4e des Tirol Touristica stammt vom K\u00fcnstler Alois Schild und wird j\u00e4hrlich im Rahmen des Tourismusforums f\u00fcr \u2026","og_url":"https:\/\/presse.tirol.at\/en\/dsc_4798-2\/","og_site_name":"Presse.Tirol","article_modified_time":"2023-02-01T07:16:16+00:00","og_image":[{"width":2560,"height":1514,"url":"https:\/\/presse.tirol.at\/app\/uploads\/2023\/02\/DSC_4798-scaled.jpg","type":"image\/jpeg"}],"twitter_card":"summary_large_image","twitter_misc":{"Written by":"Julia Scheiring"},"schema":{"@context":"https:\/\/schema.org","@graph":[{"@type":"WebPage","@id":"https:\/\/presse.tirol.at\/en\/dsc_4798-2\/","url":"https:\/\/presse.tirol.at\/en\/dsc_4798-2\/","name":"DSC_4798 - Presse.Tirol","isPartOf":{"@id":"https:\/\/presse.tirol.at\/en\/#website"},"datePublished":"2023-02-01T07:15:05+00:00","dateModified":"2023-02-01T07:16:16+00:00","inLanguage":"en-EN","potentialAction":[{"@type":"ReadAction","target":["https:\/\/presse.tirol.at\/en\/dsc_4798-2\/"]}]},{"@type":"WebSite","@id":"https:\/\/presse.tirol.at\/en\/#website","url":"https:\/\/presse.tirol.at\/en\/","name":"Presse.Tirol","description":"Regionale Presseplattform der Tirol Werbung und den Tiroler Tourismusverb\u00e4nden","potentialAction":[{"@type":"SearchAction","target":{"@type":"EntryPoint","urlTemplate":"https:\/\/presse.tirol.at\/en\/?s={search_term_string}"},"query-input":{"@type":"PropertyValueSpecification","valueRequired":true,"valueName":"search_term_string"}}],"inLanguage":"en-EN"}]}},"publishpress_future_workflow_manual_trigger":{"enabledWorkflows":[]},"description":{"rendered":"<p class=\"attachment\"><a href='https:\/\/presse.tirol.at\/app\/uploads\/2023\/02\/DSC_4798-scaled.jpg'><img loading=\"lazy\" decoding=\"async\" width=\"300\" height=\"177\" src=\"https:\/\/presse.tirol.at\/app\/uploads\/2023\/02\/DSC_4798-300x177.jpg\" class=\"attachment-medium size-medium\" alt=\"\" srcset=\"https:\/\/presse.tirol.at\/app\/uploads\/2023\/02\/DSC_4798-300x177.jpg 300w, https:\/\/presse.tirol.at\/app\/uploads\/2023\/02\/DSC_4798-1024x606.jpg 1024w, https:\/\/presse.tirol.at\/app\/uploads\/2023\/02\/DSC_4798-768x454.jpg 768w, https:\/\/presse.tirol.at\/app\/uploads\/2023\/02\/DSC_4798-1536x908.jpg 1536w, https:\/\/presse.tirol.at\/app\/uploads\/2023\/02\/DSC_4798-2048x1211.jpg 2048w\" sizes=\"auto, (max-width: 300px) 100vw, 300px\" \/><\/a><\/p>\n"},"caption":{"rendered":"<p>Die Troph\u00e4e des Tirol Touristica stammt vom K\u00fcnstler Alois Schild und wird j\u00e4hrlich im Rahmen des Tourismusforums f\u00fcr \u2026<\/p>\n"},"alt_text":"","media_type":"image","mime_type":"image\/jpeg","media_details":{"width":2560,"height":1514,"file":"2023\/02\/DSC_4798-scaled.jpg","filesize":745012,"sizes":{"medium":{"file":"DSC_4798-300x177.jpg","width":300,"height":177,"filesize":60417,"mime_type":"image\/jpeg","source_url":"https:\/\/presse.tirol.at\/app\/uploads\/2023\/02\/DSC_4798-300x177.jpg"},"large":{"file":"DSC_4798-1024x606.jpg","width":1024,"height":606,"filesize":184857,"mime_type":"image\/jpeg","source_url":"https:\/\/presse.tirol.at\/app\/uploads\/2023\/02\/DSC_4798-1024x606.jpg"},"thumbnail":{"file":"DSC_4798-150x150.jpg","width":150,"height":150,"filesize":51436,"mime_type":"image\/jpeg","source_url":"https:\/\/presse.tirol.at\/app\/uploads\/2023\/02\/DSC_4798-150x150.jpg"},"medium_large":{"file":"DSC_4798-768x454.jpg","width":768,"height":454,"filesize":127448,"mime_type":"image\/jpeg","source_url":"https:\/\/presse.tirol.at\/app\/uploads\/2023\/02\/DSC_4798-768x454.jpg"},"1536x1536":{"file":"DSC_4798-1536x908.jpg","width":1536,"height":908,"filesize":334034,"mime_type":"image\/jpeg","source_url":"https:\/\/presse.tirol.at\/app\/uploads\/2023\/02\/DSC_4798-1536x908.jpg"},"2048x2048":{"file":"DSC_4798-2048x1211.jpg","width":2048,"height":1211,"filesize":524107,"mime_type":"image\/jpeg","source_url":"https:\/\/presse.tirol.at\/app\/uploads\/2023\/02\/DSC_4798-2048x1211.jpg"},"keyvisual__image--600x720":{"file":"DSC_4798-600x720.jpg","width":600,"height":720,"filesize":146068,"mime_type":"image\/jpeg","source_url":"https:\/\/presse.tirol.at\/app\/uploads\/2023\/02\/DSC_4798-600x720.jpg"},"keyvisual__image--1280x480":{"file":"DSC_4798-1280x480.jpg","width":1280,"height":480,"filesize":174035,"mime_type":"image\/jpeg","source_url":"https:\/\/presse.tirol.at\/app\/uploads\/2023\/02\/DSC_4798-1280x480.jpg"},"preview__image--443x248":{"file":"DSC_4798-443x248.jpg","width":443,"height":248,"filesize":73994,"mime_type":"image\/jpeg","source_url":"https:\/\/presse.tirol.at\/app\/uploads\/2023\/02\/DSC_4798-443x248.jpg"},"preview__image--630x350":{"file":"DSC_4798-630x350.jpg","width":630,"height":350,"filesize":99497,"mime_type":"image\/jpeg","source_url":"https:\/\/presse.tirol.at\/app\/uploads\/2023\/02\/DSC_4798-630x350.jpg"},"preview__image--375x210":{"file":"DSC_4798-375x210.jpg","width":375,"height":210,"filesize":66967,"mime_type":"image\/jpeg","source_url":"https:\/\/presse.tirol.at\/app\/uploads\/2023\/02\/DSC_4798-375x210.jpg"},"full":{"file":"DSC_4798-scaled.jpg","width":2560,"height":1514,"mime_type":"image\/jpeg","source_url":"https:\/\/presse.tirol.at\/app\/uploads\/2023\/02\/DSC_4798-scaled.jpg"}},"image_meta":{"aperture":"4.5","credit":"","camera":"NIKON D300S","caption":"","created_timestamp":"1433067493","copyright":"","focal_length":"18","iso":"0","shutter_speed":"0.0125","title":"","orientation":"1","keywords":[]},"original_image":"DSC_4798.jpg"},"post":null,"source_url":"https:\/\/presse.tirol.at\/app\/uploads\/2023\/02\/DSC_4798-scaled.jpg","_links":{"self":[{"href":"https:\/\/presse.tirol.at\/en\/wp-json\/wp\/v2\/media\/186185","targetHints":{"allow":["GET"]}}],"collection":[{"href":"https:\/\/presse.tirol.at\/en\/wp-json\/wp\/v2\/media"}],"about":[{"href":"https:\/\/presse.tirol.at\/en\/wp-json\/wp\/v2\/types\/attachment"}],"author":[{"embeddable":true,"href":"https:\/\/presse.tirol.at\/en\/wp-json\/wp\/v2\/users\/15"}],"wp:term":[{"taxonomy":"attachment_category","embeddable":true,"href":"https:\/\/presse.tirol.at\/en\/wp-json\/wp\/v2\/attachment_category?post=186185"},{"taxonomy":"attachment_tag","embeddable":true,"href":"https:\/\/presse.tirol.at\/en\/wp-json\/wp\/v2\/attachment_tag?post=186185"}],"curies":[{"name":"wp","href":"https:\/\/api.w.org\/{rel}","templated":true}]}}

<!-- This site is optimized with the Yoast SEO plugin v25.1 - https://yoast.com/wordpress/plugins/seo/ -->
<title>DSC_4798 - Presse.Tirol</title>
<meta name="robots" content="index, follow, max-snippet:-1, max-image-preview:large, max-video-preview:-1" />
<link rel="canonical" href="https://presse.tirol.at/en/dsc_4798-2/" />
<meta property="og:locale" content="en_US" />
<meta property="og:type" content="article" />
<meta property="og:title" content="DSC_4798 - Presse.Tirol" />
<meta property="og:description" content="Die Trophäe des Tirol Touristica stammt vom Künstler Alois Schild und wird jährlich im Rahmen des Tourismusforums für …" />
<meta property="og:url" content="https://presse.tirol.at/en/dsc_4798-2/" />
<meta property="og:site_name" content="Presse.Tirol" />
<meta property="article:modified_time" content="2023-02-01T07:16:16+00:00" />
<meta property="og:image" content="https://presse.tirol.at/app/uploads/2023/02/DSC_4798-scaled.jpg" />
	<meta property="og:image:width" content="2560" />
	<meta property="og:image:height" content="1514" />
	<meta property="og:image:type" content="image/jpeg" />
<meta name="twitter:card" content="summary_large_image" />
<meta name="twitter:label1" content="Written by" />
	<meta name="twitter:data1" content="Julia Scheiring" />
<script type="application/ld+json" class="yoast-schema-graph">{"@context":"https://schema.org","@graph":[{"@type":"WebPage","@id":"https://presse.tirol.at/en/dsc_4798-2/","url":"https://presse.tirol.at/en/dsc_4798-2/","name":"DSC_4798 - Presse.Tirol","isPartOf":{"@id":"https://presse.tirol.at/en/#website"},"datePublished":"2023-02-01T07:15:05+00:00","dateModified":"2023-02-01T07:16:16+00:00","inLanguage":"en-EN","potentialAction":[{"@type":"ReadAction","target":["https://presse.tirol.at/en/dsc_4798-2/"]}]},{"@type":"WebSite","@id":"https://presse.tirol.at/en/#website","url":"https://presse.tirol.at/en/","name":"Presse.Tirol","description":"Regionale Presseplattform der Tirol Werbung und den Tiroler Tourismusverbänden","potentialAction":[{"@type":"SearchAction","target":{"@type":"EntryPoint","urlTemplate":"https://presse.tirol.at/en/?s={search_term_string}"},"query-input":{"@type":"PropertyValueSpecification","valueRequired":true,"valueName":"search_term_string"}}],"inLanguage":"en-EN"}]}</script>
<!-- / Yoast SEO plugin. -->

Die Trophäe des Tirol Touristica stammt vom Künstler Alois Schild und wird jährlich im Rahmen des Tourismusforums für …

Regionale Presseplattform der Tirol Werbung und den Tiroler Tourismusverbänden

<p>Die Trophäe des Tirol Touristica stammt vom Künstler Alois Schild und wird jährlich im Rahmen des Tourismusforums für …</p>
