{"id":173668,"date":"2022-09-27T11:04:15","date_gmt":"2022-09-27T09:04:15","guid":{"rendered":"https:\/\/presse.tirol.at\/app\/uploads\/2022\/09\/Navis-Naviser-Kreuzjoechl_\u00a9Tirol-Werbung_Wiedenhofer-Martina_Navis.jpg"},"modified":"2022-09-27T11:04:15","modified_gmt":"2022-09-27T09:04:15","slug":"naviser-kreuzjoechl-2","status":"inherit","type":"attachment","link":"https:\/\/presse.tirol.at\/it\/il-lato-slow-dellinverno-tirolese\/176184\/naviser-kreuzjoechl-2\/","title":{"rendered":"Naviser Kreuzj\u00f6chl"},"author":17,"featured_media":0,"comment_status":"closed","ping_status":"closed","template":"","meta":{"_acf_changed":false},"attachment_category":[330,508],"attachment_tag":[],"class_list":["post-173668","attachment","type-attachment","status-inherit","hentry","attachment_category-tirol-werbung-media","attachment_category-tirol-werbung-media-it"],"acf":[],"yoast_head":"<!-- This site is optimized with the Yoast SEO plugin v25.1 - https:\/\/yoast.com\/wordpress\/plugins\/seo\/ -->\n<title>Naviser Kreuzj\u00f6chl - Presse.Tirol<\/title>\n<meta name=\"robots\" content=\"index, follow, max-snippet:-1, max-image-preview:large, max-video-preview:-1\" \/>\n<link rel=\"canonical\" href=\"https:\/\/presse.tirol.at\/it\/il-lato-slow-dellinverno-tirolese\/176184\/naviser-kreuzjoechl-2\/\" \/>\n<meta property=\"og:locale\" content=\"it_IT\" \/>\n<meta property=\"og:type\" content=\"article\" \/>\n<meta property=\"og:title\" content=\"Naviser Kreuzj\u00f6chl - Presse.Tirol\" \/>\n<meta property=\"og:description\" content=\"Naviser Kreuzj\u00f6chl\" \/>\n<meta property=\"og:url\" content=\"https:\/\/presse.tirol.at\/it\/il-lato-slow-dellinverno-tirolese\/176184\/naviser-kreuzjoechl-2\/\" \/>\n<meta property=\"og:site_name\" content=\"Presse.Tirol\" \/>\n<meta property=\"og:image\" content=\"https:\/\/presse.tirol.at\/app\/uploads\/2022\/09\/Navis-Naviser-Kreuzjoechl_\u00a9Tirol-Werbung_Wiedenhofer-Martina_Navis-scaled.jpg\" \/>\n\t<meta property=\"og:image:width\" content=\"2560\" \/>\n\t<meta property=\"og:image:height\" content=\"1700\" \/>\n\t<meta property=\"og:image:type\" content=\"image\/jpeg\" \/>\n<meta name=\"twitter:card\" content=\"summary_large_image\" \/>\n<meta name=\"twitter:label1\" content=\"Written by\" \/>\n\t<meta name=\"twitter:data1\" content=\"Martina Nairz\" \/>\n<script type=\"application\/ld+json\" class=\"yoast-schema-graph\">{\"@context\":\"https:\/\/schema.org\",\"@graph\":[{\"@type\":\"WebPage\",\"@id\":\"https:\/\/presse.tirol.at\/it\/il-lato-slow-dellinverno-tirolese\/176184\/naviser-kreuzjoechl-2\/\",\"url\":\"https:\/\/presse.tirol.at\/it\/il-lato-slow-dellinverno-tirolese\/176184\/naviser-kreuzjoechl-2\/\",\"name\":\"Naviser Kreuzj\u00f6chl - Presse.Tirol\",\"isPartOf\":{\"@id\":\"https:\/\/presse.tirol.at\/it\/#website\"},\"datePublished\":\"2022-09-27T09:04:15+00:00\",\"inLanguage\":\"it-IT\",\"potentialAction\":[{\"@type\":\"ReadAction\",\"target\":[\"https:\/\/presse.tirol.at\/it\/il-lato-slow-dellinverno-tirolese\/176184\/naviser-kreuzjoechl-2\/\"]}]},{\"@type\":\"WebSite\",\"@id\":\"https:\/\/presse.tirol.at\/it\/#website\",\"url\":\"https:\/\/presse.tirol.at\/it\/\",\"name\":\"Presse.Tirol\",\"description\":\"Regionale Presseplattform der Tirol Werbung und den Tiroler Tourismusverb\u00e4nden\",\"potentialAction\":[{\"@type\":\"SearchAction\",\"target\":{\"@type\":\"EntryPoint\",\"urlTemplate\":\"https:\/\/presse.tirol.at\/it\/?s={search_term_string}\"},\"query-input\":{\"@type\":\"PropertyValueSpecification\",\"valueRequired\":true,\"valueName\":\"search_term_string\"}}],\"inLanguage\":\"it-IT\"}]}<\/script>\n<!-- \/ Yoast SEO plugin. -->","yoast_head_json":{"title":"Naviser Kreuzj\u00f6chl - Presse.Tirol","robots":{"index":"index","follow":"follow","max-snippet":"max-snippet:-1","max-image-preview":"max-image-preview:large","max-video-preview":"max-video-preview:-1"},"canonical":"https:\/\/presse.tirol.at\/it\/il-lato-slow-dellinverno-tirolese\/176184\/naviser-kreuzjoechl-2\/","og_locale":"it_IT","og_type":"article","og_title":"Naviser Kreuzj\u00f6chl - Presse.Tirol","og_description":"Naviser Kreuzj\u00f6chl","og_url":"https:\/\/presse.tirol.at\/it\/il-lato-slow-dellinverno-tirolese\/176184\/naviser-kreuzjoechl-2\/","og_site_name":"Presse.Tirol","og_image":[{"width":2560,"height":1700,"url":"https:\/\/presse.tirol.at\/app\/uploads\/2022\/09\/Navis-Naviser-Kreuzjoechl_\u00a9Tirol-Werbung_Wiedenhofer-Martina_Navis-scaled.jpg","type":"image\/jpeg"}],"twitter_card":"summary_large_image","twitter_misc":{"Written by":"Martina Nairz"},"schema":{"@context":"https:\/\/schema.org","@graph":[{"@type":"WebPage","@id":"https:\/\/presse.tirol.at\/it\/il-lato-slow-dellinverno-tirolese\/176184\/naviser-kreuzjoechl-2\/","url":"https:\/\/presse.tirol.at\/it\/il-lato-slow-dellinverno-tirolese\/176184\/naviser-kreuzjoechl-2\/","name":"Naviser Kreuzj\u00f6chl - Presse.Tirol","isPartOf":{"@id":"https:\/\/presse.tirol.at\/it\/#website"},"datePublished":"2022-09-27T09:04:15+00:00","inLanguage":"it-IT","potentialAction":[{"@type":"ReadAction","target":["https:\/\/presse.tirol.at\/it\/il-lato-slow-dellinverno-tirolese\/176184\/naviser-kreuzjoechl-2\/"]}]},{"@type":"WebSite","@id":"https:\/\/presse.tirol.at\/it\/#website","url":"https:\/\/presse.tirol.at\/it\/","name":"Presse.Tirol","description":"Regionale Presseplattform der Tirol Werbung und den Tiroler Tourismusverb\u00e4nden","potentialAction":[{"@type":"SearchAction","target":{"@type":"EntryPoint","urlTemplate":"https:\/\/presse.tirol.at\/it\/?s={search_term_string}"},"query-input":{"@type":"PropertyValueSpecification","valueRequired":true,"valueName":"search_term_string"}}],"inLanguage":"it-IT"}]}},"publishpress_future_workflow_manual_trigger":{"enabledWorkflows":[]},"description":{"rendered":"<p class=\"attachment\"><a href='https:\/\/presse.tirol.at\/app\/uploads\/2022\/09\/Navis-Naviser-Kreuzjoechl_\u00a9Tirol-Werbung_Wiedenhofer-Martina_Navis-scaled.jpg'><img loading=\"lazy\" decoding=\"async\" width=\"300\" height=\"199\" src=\"https:\/\/presse.tirol.at\/app\/uploads\/2022\/09\/Navis-Naviser-Kreuzjoechl_\u00a9Tirol-Werbung_Wiedenhofer-Martina_Navis-300x199.jpg\" class=\"attachment-medium size-medium\" alt=\"\" srcset=\"https:\/\/presse.tirol.at\/app\/uploads\/2022\/09\/Navis-Naviser-Kreuzjoechl_\u00a9Tirol-Werbung_Wiedenhofer-Martina_Navis-300x199.jpg 300w, https:\/\/presse.tirol.at\/app\/uploads\/2022\/09\/Navis-Naviser-Kreuzjoechl_\u00a9Tirol-Werbung_Wiedenhofer-Martina_Navis-1024x680.jpg 1024w, https:\/\/presse.tirol.at\/app\/uploads\/2022\/09\/Navis-Naviser-Kreuzjoechl_\u00a9Tirol-Werbung_Wiedenhofer-Martina_Navis-768x510.jpg 768w, https:\/\/presse.tirol.at\/app\/uploads\/2022\/09\/Navis-Naviser-Kreuzjoechl_\u00a9Tirol-Werbung_Wiedenhofer-Martina_Navis-1536x1020.jpg 1536w, https:\/\/presse.tirol.at\/app\/uploads\/2022\/09\/Navis-Naviser-Kreuzjoechl_\u00a9Tirol-Werbung_Wiedenhofer-Martina_Navis-2048x1360.jpg 2048w\" sizes=\"auto, (max-width: 300px) 100vw, 300px\" \/><\/a><\/p>\n"},"caption":{"rendered":"<p>Naviser Kreuzj\u00f6chl<\/p>\n"},"alt_text":"","media_type":"image","mime_type":"image\/jpeg","media_details":{"width":2560,"height":1700,"file":"2022\/09\/Navis-Naviser-Kreuzjoechl_\u00a9Tirol-Werbung_Wiedenhofer-Martina_Navis-scaled.jpg","filesize":208618,"sizes":{"medium":{"file":"Navis-Naviser-Kreuzjoechl_\u00a9Tirol-Werbung_Wiedenhofer-Martina_Navis-300x199.jpg","width":300,"height":199,"filesize":10966,"mime_type":"image\/jpeg","source_url":"https:\/\/presse.tirol.at\/app\/uploads\/2022\/09\/Navis-Naviser-Kreuzjoechl_\u00a9Tirol-Werbung_Wiedenhofer-Martina_Navis-300x199.jpg"},"large":{"file":"Navis-Naviser-Kreuzjoechl_\u00a9Tirol-Werbung_Wiedenhofer-Martina_Navis-1024x680.jpg","width":1024,"height":680,"filesize":43982,"mime_type":"image\/jpeg","source_url":"https:\/\/presse.tirol.at\/app\/uploads\/2022\/09\/Navis-Naviser-Kreuzjoechl_\u00a9Tirol-Werbung_Wiedenhofer-Martina_Navis-1024x680.jpg"},"thumbnail":{"file":"Navis-Naviser-Kreuzjoechl_\u00a9Tirol-Werbung_Wiedenhofer-Martina_Navis-150x150.jpg","width":150,"height":150,"filesize":7924,"mime_type":"image\/jpeg","source_url":"https:\/\/presse.tirol.at\/app\/uploads\/2022\/09\/Navis-Naviser-Kreuzjoechl_\u00a9Tirol-Werbung_Wiedenhofer-Martina_Navis-150x150.jpg"},"medium_large":{"file":"Navis-Naviser-Kreuzjoechl_\u00a9Tirol-Werbung_Wiedenhofer-Martina_Navis-768x510.jpg","width":768,"height":510,"filesize":29223,"mime_type":"image\/jpeg","source_url":"https:\/\/presse.tirol.at\/app\/uploads\/2022\/09\/Navis-Naviser-Kreuzjoechl_\u00a9Tirol-Werbung_Wiedenhofer-Martina_Navis-768x510.jpg"},"1536x1536":{"file":"Navis-Naviser-Kreuzjoechl_\u00a9Tirol-Werbung_Wiedenhofer-Martina_Navis-1536x1020.jpg","width":1536,"height":1020,"filesize":83486,"mime_type":"image\/jpeg","source_url":"https:\/\/presse.tirol.at\/app\/uploads\/2022\/09\/Navis-Naviser-Kreuzjoechl_\u00a9Tirol-Werbung_Wiedenhofer-Martina_Navis-1536x1020.jpg"},"2048x2048":{"file":"Navis-Naviser-Kreuzjoechl_\u00a9Tirol-Werbung_Wiedenhofer-Martina_Navis-2048x1360.jpg","width":2048,"height":1360,"filesize":136738,"mime_type":"image\/jpeg","source_url":"https:\/\/presse.tirol.at\/app\/uploads\/2022\/09\/Navis-Naviser-Kreuzjoechl_\u00a9Tirol-Werbung_Wiedenhofer-Martina_Navis-2048x1360.jpg"},"keyvisual__image--600x720":{"file":"Navis-Naviser-Kreuzjoechl_\u00a9Tirol-Werbung_Wiedenhofer-Martina_Navis-600x720.jpg","width":600,"height":720,"filesize":27583,"mime_type":"image\/jpeg","source_url":"https:\/\/presse.tirol.at\/app\/uploads\/2022\/09\/Navis-Naviser-Kreuzjoechl_\u00a9Tirol-Werbung_Wiedenhofer-Martina_Navis-600x720.jpg"},"keyvisual__image--1280x480":{"file":"Navis-Naviser-Kreuzjoechl_\u00a9Tirol-Werbung_Wiedenhofer-Martina_Navis-1280x480.jpg","width":1280,"height":480,"filesize":42895,"mime_type":"image\/jpeg","source_url":"https:\/\/presse.tirol.at\/app\/uploads\/2022\/09\/Navis-Naviser-Kreuzjoechl_\u00a9Tirol-Werbung_Wiedenhofer-Martina_Navis-1280x480.jpg"},"preview__image--443x248":{"file":"Navis-Naviser-Kreuzjoechl_\u00a9Tirol-Werbung_Wiedenhofer-Martina_Navis-443x248.jpg","width":443,"height":248,"filesize":14395,"mime_type":"image\/jpeg","source_url":"https:\/\/presse.tirol.at\/app\/uploads\/2022\/09\/Navis-Naviser-Kreuzjoechl_\u00a9Tirol-Werbung_Wiedenhofer-Martina_Navis-443x248.jpg"},"preview__image--630x350":{"file":"Navis-Naviser-Kreuzjoechl_\u00a9Tirol-Werbung_Wiedenhofer-Martina_Navis-630x350.jpg","width":630,"height":350,"filesize":20795,"mime_type":"image\/jpeg","source_url":"https:\/\/presse.tirol.at\/app\/uploads\/2022\/09\/Navis-Naviser-Kreuzjoechl_\u00a9Tirol-Werbung_Wiedenhofer-Martina_Navis-630x350.jpg"},"preview__image--375x210":{"file":"Navis-Naviser-Kreuzjoechl_\u00a9Tirol-Werbung_Wiedenhofer-Martina_Navis-375x210.jpg","width":375,"height":210,"filesize":12422,"mime_type":"image\/jpeg","source_url":"https:\/\/presse.tirol.at\/app\/uploads\/2022\/09\/Navis-Naviser-Kreuzjoechl_\u00a9Tirol-Werbung_Wiedenhofer-Martina_Navis-375x210.jpg"},"full":{"file":"Navis-Naviser-Kreuzjoechl_\u00a9Tirol-Werbung_Wiedenhofer-Martina_Navis-scaled.jpg","width":2560,"height":1700,"mime_type":"image\/jpeg","source_url":"https:\/\/presse.tirol.at\/app\/uploads\/2022\/09\/Navis-Naviser-Kreuzjoechl_\u00a9Tirol-Werbung_Wiedenhofer-Martina_Navis-scaled.jpg"}},"image_meta":{"aperture":"0","credit":"Wiedenhofer Martina","camera":"","caption":"Naviser Kreuzj\u00f6chl","created_timestamp":"0","copyright":"\u00a9Martina Wiedenhofer 2013, Tirol Werbung_Wiedenhofer Martina","focal_length":"0","iso":"0","shutter_speed":"0","title":"Naviser Kreuzj\u00f6chl","orientation":"0","keywords":["Berggrat Bergr\u00fccken Bergscharte Bergkar,Winter,unber\u00fchrt,Schnee,"]},"original_image":"Navis-Naviser-Kreuzjoechl_\u00a9Tirol-Werbung_Wiedenhofer-Martina_Navis.jpg"},"post":176184,"source_url":"https:\/\/presse.tirol.at\/app\/uploads\/2022\/09\/Navis-Naviser-Kreuzjoechl_\u00a9Tirol-Werbung_Wiedenhofer-Martina_Navis-scaled.jpg","_links":{"self":[{"href":"https:\/\/presse.tirol.at\/it\/wp-json\/wp\/v2\/media\/173668","targetHints":{"allow":["GET"]}}],"collection":[{"href":"https:\/\/presse.tirol.at\/it\/wp-json\/wp\/v2\/media"}],"about":[{"href":"https:\/\/presse.tirol.at\/it\/wp-json\/wp\/v2\/types\/attachment"}],"author":[{"embeddable":true,"href":"https:\/\/presse.tirol.at\/it\/wp-json\/wp\/v2\/users\/17"}],"wp:term":[{"taxonomy":"attachment_category","embeddable":true,"href":"https:\/\/presse.tirol.at\/it\/wp-json\/wp\/v2\/attachment_category?post=173668"},{"taxonomy":"attachment_tag","embeddable":true,"href":"https:\/\/presse.tirol.at\/it\/wp-json\/wp\/v2\/attachment_tag?post=173668"}],"curies":[{"name":"wp","href":"https:\/\/api.w.org\/{rel}","templated":true}]}}

Naviser Kreuzjöchl

<!-- This site is optimized with the Yoast SEO plugin v25.1 - https://yoast.com/wordpress/plugins/seo/ -->
<title>Naviser Kreuzjöchl - Presse.Tirol</title>
<meta name="robots" content="index, follow, max-snippet:-1, max-image-preview:large, max-video-preview:-1" />
<link rel="canonical" href="https://presse.tirol.at/it/il-lato-slow-dellinverno-tirolese/176184/naviser-kreuzjoechl-2/" />
<meta property="og:locale" content="it_IT" />
<meta property="og:type" content="article" />
<meta property="og:title" content="Naviser Kreuzjöchl - Presse.Tirol" />
<meta property="og:description" content="Naviser Kreuzjöchl" />
<meta property="og:url" content="https://presse.tirol.at/it/il-lato-slow-dellinverno-tirolese/176184/naviser-kreuzjoechl-2/" />
<meta property="og:site_name" content="Presse.Tirol" />
<meta property="og:image" content="https://presse.tirol.at/app/uploads/2022/09/Navis-Naviser-Kreuzjoechl_©Tirol-Werbung_Wiedenhofer-Martina_Navis-scaled.jpg" />
	<meta property="og:image:width" content="2560" />
	<meta property="og:image:height" content="1700" />
	<meta property="og:image:type" content="image/jpeg" />
<meta name="twitter:card" content="summary_large_image" />
<meta name="twitter:label1" content="Written by" />
	<meta name="twitter:data1" content="Martina Nairz" />
<script type="application/ld+json" class="yoast-schema-graph">{"@context":"https://schema.org","@graph":[{"@type":"WebPage","@id":"https://presse.tirol.at/it/il-lato-slow-dellinverno-tirolese/176184/naviser-kreuzjoechl-2/","url":"https://presse.tirol.at/it/il-lato-slow-dellinverno-tirolese/176184/naviser-kreuzjoechl-2/","name":"Naviser Kreuzjöchl - Presse.Tirol","isPartOf":{"@id":"https://presse.tirol.at/it/#website"},"datePublished":"2022-09-27T09:04:15+00:00","inLanguage":"it-IT","potentialAction":[{"@type":"ReadAction","target":["https://presse.tirol.at/it/il-lato-slow-dellinverno-tirolese/176184/naviser-kreuzjoechl-2/"]}]},{"@type":"WebSite","@id":"https://presse.tirol.at/it/#website","url":"https://presse.tirol.at/it/","name":"Presse.Tirol","description":"Regionale Presseplattform der Tirol Werbung und den Tiroler Tourismusverbänden","potentialAction":[{"@type":"SearchAction","target":{"@type":"EntryPoint","urlTemplate":"https://presse.tirol.at/it/?s={search_term_string}"},"query-input":{"@type":"PropertyValueSpecification","valueRequired":true,"valueName":"search_term_string"}}],"inLanguage":"it-IT"}]}</script>
<!-- / Yoast SEO plugin. -->

Naviser Kreuzjöchl - Presse.Tirol

Regionale Presseplattform der Tirol Werbung und den Tiroler Tourismusverbänden

<p>Naviser Kreuzjöchl</p>

Berggrat Bergrücken Bergscharte Bergkar,Winter,unberührt,Schnee,
