{"id":194461,"date":"2023-04-24T11:08:49","date_gmt":"2023-04-24T09:08:49","guid":{"rendered":"https:\/\/presse.tirol.at\/app\/uploads\/2023\/04\/Pressefoto_Mario_Karin_Alois.jpg"},"modified":"2023-04-24T11:28:16","modified_gmt":"2023-04-24T09:28:16","slug":"pressefoto_mario_karin_alois-2","status":"inherit","type":"attachment","link":"https:\/\/presse.tirol.at\/nl\/pressefoto_mario_karin_alois-2\/","title":{"rendered":"Pressefoto_Mario_Karin_Alois"},"author":15,"featured_media":0,"comment_status":"closed","ping_status":"closed","template":"","meta":{"_acf_changed":false},"attachment_category":[],"attachment_tag":[],"class_list":["post-194461","attachment","type-attachment","status-inherit","hentry"],"acf":[],"yoast_head":"<!-- This site is optimized with the Yoast SEO plugin v25.1 - https:\/\/yoast.com\/wordpress\/plugins\/seo\/ -->\n<title>Pressefoto_Mario_Karin_Alois - Presse.Tirol<\/title>\n<meta name=\"robots\" content=\"index, follow, max-snippet:-1, max-image-preview:large, max-video-preview:-1\" \/>\n<link rel=\"canonical\" href=\"https:\/\/presse.tirol.at\/nl\/pressefoto_mario_karin_alois-2\/\" \/>\n<meta property=\"og:locale\" content=\"nl_NL\" \/>\n<meta property=\"og:type\" content=\"article\" \/>\n<meta property=\"og:title\" content=\"Pressefoto_Mario_Karin_Alois - Presse.Tirol\" \/>\n<meta property=\"og:description\" content=\"Tourismuslandesrat Mario Gerber, Karin Seiler (Gesch\u00e4ftsf\u00fchrerin Tirol Werbung) und Alois Reiner (Spartengesch\u00e4ftsf\" \/>\n<meta property=\"og:url\" content=\"https:\/\/presse.tirol.at\/nl\/pressefoto_mario_karin_alois-2\/\" \/>\n<meta property=\"og:site_name\" content=\"Presse.Tirol\" \/>\n<meta property=\"article:modified_time\" content=\"2023-04-24T09:28:16+00:00\" \/>\n<meta property=\"og:image\" content=\"https:\/\/presse.tirol.at\/app\/uploads\/2023\/04\/Pressefoto_Mario_Karin_Alois.jpg\" \/>\n\t<meta property=\"og:image:width\" content=\"2500\" \/>\n\t<meta property=\"og:image:height\" content=\"1875\" \/>\n\t<meta property=\"og:image:type\" content=\"image\/jpeg\" \/>\n<meta name=\"twitter:card\" content=\"summary_large_image\" \/>\n<meta name=\"twitter:label1\" content=\"Written by\" \/>\n\t<meta name=\"twitter:data1\" content=\"Julia Scheiring\" \/>\n<script type=\"application\/ld+json\" class=\"yoast-schema-graph\">{\"@context\":\"https:\/\/schema.org\",\"@graph\":[{\"@type\":\"WebPage\",\"@id\":\"https:\/\/presse.tirol.at\/nl\/pressefoto_mario_karin_alois-2\/\",\"url\":\"https:\/\/presse.tirol.at\/nl\/pressefoto_mario_karin_alois-2\/\",\"name\":\"Pressefoto_Mario_Karin_Alois - Presse.Tirol\",\"isPartOf\":{\"@id\":\"https:\/\/presse.tirol.at\/nl\/#website\"},\"datePublished\":\"2023-04-24T09:08:49+00:00\",\"dateModified\":\"2023-04-24T09:28:16+00:00\",\"inLanguage\":\"nl-NL\",\"potentialAction\":[{\"@type\":\"ReadAction\",\"target\":[\"https:\/\/presse.tirol.at\/nl\/pressefoto_mario_karin_alois-2\/\"]}]},{\"@type\":\"WebSite\",\"@id\":\"https:\/\/presse.tirol.at\/nl\/#website\",\"url\":\"https:\/\/presse.tirol.at\/nl\/\",\"name\":\"Presse.Tirol\",\"description\":\"Regionale Presseplattform der Tirol Werbung und den Tiroler Tourismusverb\u00e4nden\",\"potentialAction\":[{\"@type\":\"SearchAction\",\"target\":{\"@type\":\"EntryPoint\",\"urlTemplate\":\"https:\/\/presse.tirol.at\/nl\/?s={search_term_string}\"},\"query-input\":{\"@type\":\"PropertyValueSpecification\",\"valueRequired\":true,\"valueName\":\"search_term_string\"}}],\"inLanguage\":\"nl-NL\"}]}<\/script>\n<!-- \/ Yoast SEO plugin. -->","yoast_head_json":{"title":"Pressefoto_Mario_Karin_Alois - Presse.Tirol","robots":{"index":"index","follow":"follow","max-snippet":"max-snippet:-1","max-image-preview":"max-image-preview:large","max-video-preview":"max-video-preview:-1"},"canonical":"https:\/\/presse.tirol.at\/nl\/pressefoto_mario_karin_alois-2\/","og_locale":"nl_NL","og_type":"article","og_title":"Pressefoto_Mario_Karin_Alois - Presse.Tirol","og_description":"Tourismuslandesrat Mario Gerber, Karin Seiler (Gesch\u00e4ftsf\u00fchrerin Tirol Werbung) und Alois Reiner (Spartengesch\u00e4ftsf","og_url":"https:\/\/presse.tirol.at\/nl\/pressefoto_mario_karin_alois-2\/","og_site_name":"Presse.Tirol","article_modified_time":"2023-04-24T09:28:16+00:00","og_image":[{"width":2500,"height":1875,"url":"https:\/\/presse.tirol.at\/app\/uploads\/2023\/04\/Pressefoto_Mario_Karin_Alois.jpg","type":"image\/jpeg"}],"twitter_card":"summary_large_image","twitter_misc":{"Written by":"Julia Scheiring"},"schema":{"@context":"https:\/\/schema.org","@graph":[{"@type":"WebPage","@id":"https:\/\/presse.tirol.at\/nl\/pressefoto_mario_karin_alois-2\/","url":"https:\/\/presse.tirol.at\/nl\/pressefoto_mario_karin_alois-2\/","name":"Pressefoto_Mario_Karin_Alois - Presse.Tirol","isPartOf":{"@id":"https:\/\/presse.tirol.at\/nl\/#website"},"datePublished":"2023-04-24T09:08:49+00:00","dateModified":"2023-04-24T09:28:16+00:00","inLanguage":"nl-NL","potentialAction":[{"@type":"ReadAction","target":["https:\/\/presse.tirol.at\/nl\/pressefoto_mario_karin_alois-2\/"]}]},{"@type":"WebSite","@id":"https:\/\/presse.tirol.at\/nl\/#website","url":"https:\/\/presse.tirol.at\/nl\/","name":"Presse.Tirol","description":"Regionale Presseplattform der Tirol Werbung und den Tiroler Tourismusverb\u00e4nden","potentialAction":[{"@type":"SearchAction","target":{"@type":"EntryPoint","urlTemplate":"https:\/\/presse.tirol.at\/nl\/?s={search_term_string}"},"query-input":{"@type":"PropertyValueSpecification","valueRequired":true,"valueName":"search_term_string"}}],"inLanguage":"nl-NL"}]}},"publishpress_future_workflow_manual_trigger":{"enabledWorkflows":[]},"description":{"rendered":"<p class=\"attachment\"><a href='https:\/\/presse.tirol.at\/app\/uploads\/2023\/04\/Pressefoto_Mario_Karin_Alois.jpg'><img loading=\"lazy\" decoding=\"async\" width=\"300\" height=\"225\" src=\"https:\/\/presse.tirol.at\/app\/uploads\/2023\/04\/Pressefoto_Mario_Karin_Alois-300x225.jpg\" class=\"attachment-medium size-medium\" alt=\"\" srcset=\"https:\/\/presse.tirol.at\/app\/uploads\/2023\/04\/Pressefoto_Mario_Karin_Alois-300x225.jpg 300w, https:\/\/presse.tirol.at\/app\/uploads\/2023\/04\/Pressefoto_Mario_Karin_Alois-1024x768.jpg 1024w, https:\/\/presse.tirol.at\/app\/uploads\/2023\/04\/Pressefoto_Mario_Karin_Alois-768x576.jpg 768w, https:\/\/presse.tirol.at\/app\/uploads\/2023\/04\/Pressefoto_Mario_Karin_Alois-1536x1152.jpg 1536w, https:\/\/presse.tirol.at\/app\/uploads\/2023\/04\/Pressefoto_Mario_Karin_Alois-2048x1536.jpg 2048w\" sizes=\"auto, (max-width: 300px) 100vw, 300px\" \/><\/a><\/p>\n<p>Tourismuslandesrat Mario Gerber, Karin Seiler (Gesch\u00e4ftsf\u00fchrerin Tirol Werbung) und Alois Reiner (Spartenobmann Tourismus- und Freizeitwirtschaft Wirtschaftskammer Tirol)<\/p>\n"},"caption":{"rendered":"<p>Tourismuslandesrat Mario Gerber, Karin Seiler (Gesch\u00e4ftsf\u00fchrerin Tirol Werbung) und Alois Reiner (Spartengesch\u00e4ftsf<\/p>\n"},"alt_text":"","media_type":"image","mime_type":"image\/jpeg","media_details":{"width":2500,"height":1875,"file":"2023\/04\/Pressefoto_Mario_Karin_Alois.jpg","filesize":706264,"sizes":{"medium":{"file":"Pressefoto_Mario_Karin_Alois-300x225.jpg","width":300,"height":225,"filesize":14070,"mime_type":"image\/jpeg","source_url":"https:\/\/presse.tirol.at\/app\/uploads\/2023\/04\/Pressefoto_Mario_Karin_Alois-300x225.jpg"},"large":{"file":"Pressefoto_Mario_Karin_Alois-1024x768.jpg","width":1024,"height":768,"filesize":93531,"mime_type":"image\/jpeg","source_url":"https:\/\/presse.tirol.at\/app\/uploads\/2023\/04\/Pressefoto_Mario_Karin_Alois-1024x768.jpg"},"thumbnail":{"file":"Pressefoto_Mario_Karin_Alois-150x150.jpg","width":150,"height":150,"filesize":5821,"mime_type":"image\/jpeg","source_url":"https:\/\/presse.tirol.at\/app\/uploads\/2023\/04\/Pressefoto_Mario_Karin_Alois-150x150.jpg"},"medium_large":{"file":"Pressefoto_Mario_Karin_Alois-768x576.jpg","width":768,"height":576,"filesize":59338,"mime_type":"image\/jpeg","source_url":"https:\/\/presse.tirol.at\/app\/uploads\/2023\/04\/Pressefoto_Mario_Karin_Alois-768x576.jpg"},"1536x1536":{"file":"Pressefoto_Mario_Karin_Alois-1536x1152.jpg","width":1536,"height":1152,"filesize":182224,"mime_type":"image\/jpeg","source_url":"https:\/\/presse.tirol.at\/app\/uploads\/2023\/04\/Pressefoto_Mario_Karin_Alois-1536x1152.jpg"},"2048x2048":{"file":"Pressefoto_Mario_Karin_Alois-2048x1536.jpg","width":2048,"height":1536,"filesize":297768,"mime_type":"image\/jpeg","source_url":"https:\/\/presse.tirol.at\/app\/uploads\/2023\/04\/Pressefoto_Mario_Karin_Alois-2048x1536.jpg"},"keyvisual__image--600x720":{"file":"Pressefoto_Mario_Karin_Alois-600x720.jpg","width":600,"height":720,"filesize":53133,"mime_type":"image\/jpeg","source_url":"https:\/\/presse.tirol.at\/app\/uploads\/2023\/04\/Pressefoto_Mario_Karin_Alois-600x720.jpg"},"keyvisual__image--1280x480":{"file":"Pressefoto_Mario_Karin_Alois-1280x480.jpg","width":1280,"height":480,"filesize":74227,"mime_type":"image\/jpeg","source_url":"https:\/\/presse.tirol.at\/app\/uploads\/2023\/04\/Pressefoto_Mario_Karin_Alois-1280x480.jpg"},"preview__image--443x248":{"file":"Pressefoto_Mario_Karin_Alois-443x248.jpg","width":443,"height":248,"filesize":20277,"mime_type":"image\/jpeg","source_url":"https:\/\/presse.tirol.at\/app\/uploads\/2023\/04\/Pressefoto_Mario_Karin_Alois-443x248.jpg"},"preview__image--630x350":{"file":"Pressefoto_Mario_Karin_Alois-630x350.jpg","width":630,"height":350,"filesize":34828,"mime_type":"image\/jpeg","source_url":"https:\/\/presse.tirol.at\/app\/uploads\/2023\/04\/Pressefoto_Mario_Karin_Alois-630x350.jpg"},"preview__image--375x210":{"file":"Pressefoto_Mario_Karin_Alois-375x210.jpg","width":375,"height":210,"filesize":15985,"mime_type":"image\/jpeg","source_url":"https:\/\/presse.tirol.at\/app\/uploads\/2023\/04\/Pressefoto_Mario_Karin_Alois-375x210.jpg"},"full":{"file":"Pressefoto_Mario_Karin_Alois.jpg","width":2500,"height":1875,"mime_type":"image\/jpeg","source_url":"https:\/\/presse.tirol.at\/app\/uploads\/2023\/04\/Pressefoto_Mario_Karin_Alois.jpg"}},"image_meta":{"aperture":"0","credit":"","camera":"","caption":"","created_timestamp":"0","copyright":"","focal_length":"0","iso":"0","shutter_speed":"0","title":"","orientation":"0","keywords":[]}},"post":null,"source_url":"https:\/\/presse.tirol.at\/app\/uploads\/2023\/04\/Pressefoto_Mario_Karin_Alois.jpg","_links":{"self":[{"href":"https:\/\/presse.tirol.at\/nl\/wp-json\/wp\/v2\/media\/194461","targetHints":{"allow":["GET"]}}],"collection":[{"href":"https:\/\/presse.tirol.at\/nl\/wp-json\/wp\/v2\/media"}],"about":[{"href":"https:\/\/presse.tirol.at\/nl\/wp-json\/wp\/v2\/types\/attachment"}],"author":[{"embeddable":true,"href":"https:\/\/presse.tirol.at\/nl\/wp-json\/wp\/v2\/users\/15"}],"wp:term":[{"taxonomy":"attachment_category","embeddable":true,"href":"https:\/\/presse.tirol.at\/nl\/wp-json\/wp\/v2\/attachment_category?post=194461"},{"taxonomy":"attachment_tag","embeddable":true,"href":"https:\/\/presse.tirol.at\/nl\/wp-json\/wp\/v2\/attachment_tag?post=194461"}],"curies":[{"name":"wp","href":"https:\/\/api.w.org\/{rel}","templated":true}]}}

<!-- This site is optimized with the Yoast SEO plugin v25.1 - https://yoast.com/wordpress/plugins/seo/ -->
<title>Pressefoto_Mario_Karin_Alois - Presse.Tirol</title>
<meta name="robots" content="index, follow, max-snippet:-1, max-image-preview:large, max-video-preview:-1" />
<link rel="canonical" href="https://presse.tirol.at/nl/pressefoto_mario_karin_alois-2/" />
<meta property="og:locale" content="nl_NL" />
<meta property="og:type" content="article" />
<meta property="og:title" content="Pressefoto_Mario_Karin_Alois - Presse.Tirol" />
<meta property="og:description" content="Tourismuslandesrat Mario Gerber, Karin Seiler (Geschäftsführerin Tirol Werbung) und Alois Reiner (Spartengeschäftsf" />
<meta property="og:url" content="https://presse.tirol.at/nl/pressefoto_mario_karin_alois-2/" />
<meta property="og:site_name" content="Presse.Tirol" />
<meta property="article:modified_time" content="2023-04-24T09:28:16+00:00" />
<meta property="og:image" content="https://presse.tirol.at/app/uploads/2023/04/Pressefoto_Mario_Karin_Alois.jpg" />
	<meta property="og:image:width" content="2500" />
	<meta property="og:image:height" content="1875" />
	<meta property="og:image:type" content="image/jpeg" />
<meta name="twitter:card" content="summary_large_image" />
<meta name="twitter:label1" content="Written by" />
	<meta name="twitter:data1" content="Julia Scheiring" />
<script type="application/ld+json" class="yoast-schema-graph">{"@context":"https://schema.org","@graph":[{"@type":"WebPage","@id":"https://presse.tirol.at/nl/pressefoto_mario_karin_alois-2/","url":"https://presse.tirol.at/nl/pressefoto_mario_karin_alois-2/","name":"Pressefoto_Mario_Karin_Alois - Presse.Tirol","isPartOf":{"@id":"https://presse.tirol.at/nl/#website"},"datePublished":"2023-04-24T09:08:49+00:00","dateModified":"2023-04-24T09:28:16+00:00","inLanguage":"nl-NL","potentialAction":[{"@type":"ReadAction","target":["https://presse.tirol.at/nl/pressefoto_mario_karin_alois-2/"]}]},{"@type":"WebSite","@id":"https://presse.tirol.at/nl/#website","url":"https://presse.tirol.at/nl/","name":"Presse.Tirol","description":"Regionale Presseplattform der Tirol Werbung und den Tiroler Tourismusverbänden","potentialAction":[{"@type":"SearchAction","target":{"@type":"EntryPoint","urlTemplate":"https://presse.tirol.at/nl/?s={search_term_string}"},"query-input":{"@type":"PropertyValueSpecification","valueRequired":true,"valueName":"search_term_string"}}],"inLanguage":"nl-NL"}]}</script>
<!-- / Yoast SEO plugin. -->

Tourismuslandesrat Mario Gerber, Karin Seiler (Geschäftsführerin Tirol Werbung) und Alois Reiner (Spartengeschäftsf

Regionale Presseplattform der Tirol Werbung und den Tiroler Tourismusverbänden

<p class="attachment"><a href='https://presse.tirol.at/app/uploads/2023/04/Pressefoto_Mario_Karin_Alois.jpg'><img loading="lazy" decoding="async" width="300" height="225" src="https://presse.tirol.at/app/uploads/2023/04/Pressefoto_Mario_Karin_Alois-300x225.jpg" class="attachment-medium size-medium" alt="" srcset="https://presse.tirol.at/app/uploads/2023/04/Pressefoto_Mario_Karin_Alois-300x225.jpg 300w, https://presse.tirol.at/app/uploads/2023/04/Pressefoto_Mario_Karin_Alois-1024x768.jpg 1024w, https://presse.tirol.at/app/uploads/2023/04/Pressefoto_Mario_Karin_Alois-768x576.jpg 768w, https://presse.tirol.at/app/uploads/2023/04/Pressefoto_Mario_Karin_Alois-1536x1152.jpg 1536w, https://presse.tirol.at/app/uploads/2023/04/Pressefoto_Mario_Karin_Alois-2048x1536.jpg 2048w" sizes="auto, (max-width: 300px) 100vw, 300px" /></a></p>
<p>Tourismuslandesrat Mario Gerber, Karin Seiler (Geschäftsführerin Tirol Werbung) und Alois Reiner (Spartenobmann Tourismus- und Freizeitwirtschaft Wirtschaftskammer Tirol)</p>

<p>Tourismuslandesrat Mario Gerber, Karin Seiler (Geschäftsführerin Tirol Werbung) und Alois Reiner (Spartengeschäftsf</p>
