{"id":270829,"date":"2025-08-31T17:00:30","date_gmt":"2025-08-31T15:00:30","guid":{"rendered":"https:\/\/presse.tirol.at\/app\/uploads\/2025\/08\/EXPA-GRO-250831-5003.jpg"},"modified":"2025-08-31T18:13:08","modified_gmt":"2025-08-31T16:13:08","slug":"aut-oerm-oetztaler-radmarathon-2025-6-2","status":"inherit","type":"attachment","link":"https:\/\/presse.tirol.at\/nl\/aut-oerm-oetztaler-radmarathon-2025-6-2\/","title":{"rendered":"AUT, \u00d6RM, \u00d6tztaler Radmarathon 2025"},"author":40,"featured_media":0,"comment_status":"closed","ping_status":"closed","template":"","meta":{"_acf_changed":false},"attachment_category":[397],"attachment_tag":[],"class_list":["post-270829","attachment","type-attachment","status-inherit","hentry","attachment_category-oetztal-media-nl"],"acf":[],"yoast_head":"<!-- This site is optimized with the Yoast SEO plugin v25.1 - https:\/\/yoast.com\/wordpress\/plugins\/seo\/ -->\n<title>AUT, \u00d6RM, \u00d6tztaler Radmarathon 2025 - Presse.Tirol<\/title>\n<meta name=\"robots\" content=\"index, follow, max-snippet:-1, max-image-preview:large, max-video-preview:-1\" \/>\n<link rel=\"canonical\" href=\"https:\/\/presse.tirol.at\/nl\/aut-oerm-oetztaler-radmarathon-2025-6-2\/\" \/>\n<meta property=\"og:locale\" content=\"nl_NL\" \/>\n<meta property=\"og:type\" content=\"article\" \/>\n<meta property=\"og:title\" content=\"AUT, \u00d6RM, \u00d6tztaler Radmarathon 2025 - Presse.Tirol\" \/>\n<meta property=\"og:description\" content=\"30.08.2025, S\u00f6lden, AUT, \u00d6RM, \u00d6tztaler Radmarathon 2025, im Bild \u00dcbersicht Start \/\/ \u00dcbersicht Start during the 44th \u2026\" \/>\n<meta property=\"og:url\" content=\"https:\/\/presse.tirol.at\/nl\/aut-oerm-oetztaler-radmarathon-2025-6-2\/\" \/>\n<meta property=\"og:site_name\" content=\"Presse.Tirol\" \/>\n<meta property=\"article:modified_time\" content=\"2025-08-31T16:13:08+00:00\" \/>\n<meta property=\"og:image\" content=\"https:\/\/presse.tirol.at\/app\/uploads\/2025\/08\/EXPA-GRO-250831-5003-scaled.jpg\" \/>\n\t<meta property=\"og:image:width\" content=\"2560\" \/>\n\t<meta property=\"og:image:height\" content=\"1707\" \/>\n\t<meta property=\"og:image:type\" content=\"image\/jpeg\" \/>\n<meta name=\"twitter:card\" content=\"summary_large_image\" \/>\n<meta name=\"twitter:label1\" content=\"Written by\" \/>\n\t<meta name=\"twitter:data1\" content=\"Anna Katharina Pony\" \/>\n<script type=\"application\/ld+json\" class=\"yoast-schema-graph\">{\"@context\":\"https:\/\/schema.org\",\"@graph\":[{\"@type\":\"WebPage\",\"@id\":\"https:\/\/presse.tirol.at\/nl\/aut-oerm-oetztaler-radmarathon-2025-6-2\/\",\"url\":\"https:\/\/presse.tirol.at\/nl\/aut-oerm-oetztaler-radmarathon-2025-6-2\/\",\"name\":\"AUT, \u00d6RM, \u00d6tztaler Radmarathon 2025 - Presse.Tirol\",\"isPartOf\":{\"@id\":\"https:\/\/presse.tirol.at\/nl\/#website\"},\"datePublished\":\"2025-08-31T15:00:30+00:00\",\"dateModified\":\"2025-08-31T16:13:08+00:00\",\"inLanguage\":\"nl-NL\",\"potentialAction\":[{\"@type\":\"ReadAction\",\"target\":[\"https:\/\/presse.tirol.at\/nl\/aut-oerm-oetztaler-radmarathon-2025-6-2\/\"]}]},{\"@type\":\"WebSite\",\"@id\":\"https:\/\/presse.tirol.at\/nl\/#website\",\"url\":\"https:\/\/presse.tirol.at\/nl\/\",\"name\":\"Presse.Tirol\",\"description\":\"Regionale Presseplattform der Tirol Werbung und den Tiroler Tourismusverb\u00e4nden\",\"potentialAction\":[{\"@type\":\"SearchAction\",\"target\":{\"@type\":\"EntryPoint\",\"urlTemplate\":\"https:\/\/presse.tirol.at\/nl\/?s={search_term_string}\"},\"query-input\":{\"@type\":\"PropertyValueSpecification\",\"valueRequired\":true,\"valueName\":\"search_term_string\"}}],\"inLanguage\":\"nl-NL\"}]}<\/script>\n<!-- \/ Yoast SEO plugin. -->","yoast_head_json":{"title":"AUT, \u00d6RM, \u00d6tztaler Radmarathon 2025 - Presse.Tirol","robots":{"index":"index","follow":"follow","max-snippet":"max-snippet:-1","max-image-preview":"max-image-preview:large","max-video-preview":"max-video-preview:-1"},"canonical":"https:\/\/presse.tirol.at\/nl\/aut-oerm-oetztaler-radmarathon-2025-6-2\/","og_locale":"nl_NL","og_type":"article","og_title":"AUT, \u00d6RM, \u00d6tztaler Radmarathon 2025 - Presse.Tirol","og_description":"30.08.2025, S\u00f6lden, AUT, \u00d6RM, \u00d6tztaler Radmarathon 2025, im Bild \u00dcbersicht Start \/\/ \u00dcbersicht Start during the 44th \u2026","og_url":"https:\/\/presse.tirol.at\/nl\/aut-oerm-oetztaler-radmarathon-2025-6-2\/","og_site_name":"Presse.Tirol","article_modified_time":"2025-08-31T16:13:08+00:00","og_image":[{"width":2560,"height":1707,"url":"https:\/\/presse.tirol.at\/app\/uploads\/2025\/08\/EXPA-GRO-250831-5003-scaled.jpg","type":"image\/jpeg"}],"twitter_card":"summary_large_image","twitter_misc":{"Written by":"Anna Katharina Pony"},"schema":{"@context":"https:\/\/schema.org","@graph":[{"@type":"WebPage","@id":"https:\/\/presse.tirol.at\/nl\/aut-oerm-oetztaler-radmarathon-2025-6-2\/","url":"https:\/\/presse.tirol.at\/nl\/aut-oerm-oetztaler-radmarathon-2025-6-2\/","name":"AUT, \u00d6RM, \u00d6tztaler Radmarathon 2025 - Presse.Tirol","isPartOf":{"@id":"https:\/\/presse.tirol.at\/nl\/#website"},"datePublished":"2025-08-31T15:00:30+00:00","dateModified":"2025-08-31T16:13:08+00:00","inLanguage":"nl-NL","potentialAction":[{"@type":"ReadAction","target":["https:\/\/presse.tirol.at\/nl\/aut-oerm-oetztaler-radmarathon-2025-6-2\/"]}]},{"@type":"WebSite","@id":"https:\/\/presse.tirol.at\/nl\/#website","url":"https:\/\/presse.tirol.at\/nl\/","name":"Presse.Tirol","description":"Regionale Presseplattform der Tirol Werbung und den Tiroler Tourismusverb\u00e4nden","potentialAction":[{"@type":"SearchAction","target":{"@type":"EntryPoint","urlTemplate":"https:\/\/presse.tirol.at\/nl\/?s={search_term_string}"},"query-input":{"@type":"PropertyValueSpecification","valueRequired":true,"valueName":"search_term_string"}}],"inLanguage":"nl-NL"}]}},"publishpress_future_workflow_manual_trigger":{"enabledWorkflows":[]},"description":{"rendered":"<p class=\"attachment\"><a href='https:\/\/presse.tirol.at\/app\/uploads\/2025\/08\/EXPA-GRO-250831-5003-scaled.jpg'><img loading=\"lazy\" decoding=\"async\" width=\"300\" height=\"200\" src=\"https:\/\/presse.tirol.at\/app\/uploads\/2025\/08\/EXPA-GRO-250831-5003-300x200.jpg\" class=\"attachment-medium size-medium\" alt=\"\" srcset=\"https:\/\/presse.tirol.at\/app\/uploads\/2025\/08\/EXPA-GRO-250831-5003-300x200.jpg 300w, https:\/\/presse.tirol.at\/app\/uploads\/2025\/08\/EXPA-GRO-250831-5003-1024x683.jpg 1024w, https:\/\/presse.tirol.at\/app\/uploads\/2025\/08\/EXPA-GRO-250831-5003-768x512.jpg 768w, https:\/\/presse.tirol.at\/app\/uploads\/2025\/08\/EXPA-GRO-250831-5003-1536x1024.jpg 1536w, https:\/\/presse.tirol.at\/app\/uploads\/2025\/08\/EXPA-GRO-250831-5003-2048x1365.jpg 2048w\" sizes=\"auto, (max-width: 300px) 100vw, 300px\" \/><\/a><\/p>\n"},"caption":{"rendered":"<p>30.08.2025, S\u00f6lden, AUT, \u00d6RM, \u00d6tztaler Radmarathon 2025, im Bild \u00dcbersicht Start \/\/ \u00dcbersicht Start during the 44th \u2026<\/p>\n"},"alt_text":"","media_type":"image","mime_type":"image\/jpeg","media_details":{"width":2560,"height":1707,"file":"2025\/08\/EXPA-GRO-250831-5003-scaled.jpg","filesize":819380,"sizes":{"medium":{"file":"EXPA-GRO-250831-5003-300x200.jpg","width":300,"height":200,"filesize":18194,"mime_type":"image\/jpeg","source_url":"https:\/\/presse.tirol.at\/app\/uploads\/2025\/08\/EXPA-GRO-250831-5003-300x200.jpg"},"large":{"file":"EXPA-GRO-250831-5003-1024x683.jpg","width":1024,"height":683,"filesize":154353,"mime_type":"image\/jpeg","source_url":"https:\/\/presse.tirol.at\/app\/uploads\/2025\/08\/EXPA-GRO-250831-5003-1024x683.jpg"},"thumbnail":{"file":"EXPA-GRO-250831-5003-150x150.jpg","width":150,"height":150,"filesize":8171,"mime_type":"image\/jpeg","source_url":"https:\/\/presse.tirol.at\/app\/uploads\/2025\/08\/EXPA-GRO-250831-5003-150x150.jpg"},"medium_large":{"file":"EXPA-GRO-250831-5003-768x512.jpg","width":768,"height":512,"filesize":92470,"mime_type":"image\/jpeg","source_url":"https:\/\/presse.tirol.at\/app\/uploads\/2025\/08\/EXPA-GRO-250831-5003-768x512.jpg"},"1536x1536":{"file":"EXPA-GRO-250831-5003-1536x1024.jpg","width":1536,"height":1024,"filesize":314844,"mime_type":"image\/jpeg","source_url":"https:\/\/presse.tirol.at\/app\/uploads\/2025\/08\/EXPA-GRO-250831-5003-1536x1024.jpg"},"2048x2048":{"file":"EXPA-GRO-250831-5003-2048x1365.jpg","width":2048,"height":1365,"filesize":535220,"mime_type":"image\/jpeg","source_url":"https:\/\/presse.tirol.at\/app\/uploads\/2025\/08\/EXPA-GRO-250831-5003-2048x1365.jpg"},"keyvisual__image--600x720":{"file":"EXPA-GRO-250831-5003-600x720.jpg","width":600,"height":720,"filesize":103307,"mime_type":"image\/jpeg","source_url":"https:\/\/presse.tirol.at\/app\/uploads\/2025\/08\/EXPA-GRO-250831-5003-600x720.jpg"},"keyvisual__image--1280x480":{"file":"EXPA-GRO-250831-5003-1280x480.jpg","width":1280,"height":480,"filesize":141013,"mime_type":"image\/jpeg","source_url":"https:\/\/presse.tirol.at\/app\/uploads\/2025\/08\/EXPA-GRO-250831-5003-1280x480.jpg"},"preview__image--443x248":{"file":"EXPA-GRO-250831-5003-443x248.jpg","width":443,"height":248,"filesize":31571,"mime_type":"image\/jpeg","source_url":"https:\/\/presse.tirol.at\/app\/uploads\/2025\/08\/EXPA-GRO-250831-5003-443x248.jpg"},"preview__image--630x350":{"file":"EXPA-GRO-250831-5003-630x350.jpg","width":630,"height":350,"filesize":57978,"mime_type":"image\/jpeg","source_url":"https:\/\/presse.tirol.at\/app\/uploads\/2025\/08\/EXPA-GRO-250831-5003-630x350.jpg"},"preview__image--375x210":{"file":"EXPA-GRO-250831-5003-375x210.jpg","width":375,"height":210,"filesize":24035,"mime_type":"image\/jpeg","source_url":"https:\/\/presse.tirol.at\/app\/uploads\/2025\/08\/EXPA-GRO-250831-5003-375x210.jpg"},"full":{"file":"EXPA-GRO-250831-5003-scaled.jpg","width":2560,"height":1707,"mime_type":"image\/jpeg","source_url":"https:\/\/presse.tirol.at\/app\/uploads\/2025\/08\/EXPA-GRO-250831-5003-scaled.jpg"}},"image_meta":{"aperture":"0","credit":"EXPA\/ Johann Groder","camera":"","caption":"30.08.2025, S\u00f6lden, AUT, \u00d6RM, \u00d6tztaler Radmarathon 2025, im Bild \u00dcbersicht Start \/\/ \u00dcbersicht Start during the 44th OeRM, Oetztal Radmarathon. S\u00f6lden, Austria on 2025\/08\/30. EXPA Pictures \u00a9 2025, PhotoCredit: EXPA\/ Johann Groder","created_timestamp":"1756535331","copyright":"EXPA Pictures. Alle Rechte vorbehalten. \/\/ EXPA Pictures. All rigths reserved.","focal_length":"0","iso":"0","shutter_speed":"0","title":"AUT, \u00d6RM, \u00d6tztaler Radmarathon 2025","orientation":"1","keywords":["Cycling","Rad","Radsport","Sport","Sports","\u00d6sterreich","Austria","Marathon","\u00d6RM","\u00d6tztal","\u00d6tztalmarathon","Radmarathon","Tirol","Tyrol","extreme","Extremsport"]},"original_image":"EXPA-GRO-250831-5003.jpg"},"post":null,"source_url":"https:\/\/presse.tirol.at\/app\/uploads\/2025\/08\/EXPA-GRO-250831-5003-scaled.jpg","_links":{"self":[{"href":"https:\/\/presse.tirol.at\/nl\/wp-json\/wp\/v2\/media\/270829","targetHints":{"allow":["GET"]}}],"collection":[{"href":"https:\/\/presse.tirol.at\/nl\/wp-json\/wp\/v2\/media"}],"about":[{"href":"https:\/\/presse.tirol.at\/nl\/wp-json\/wp\/v2\/types\/attachment"}],"author":[{"embeddable":true,"href":"https:\/\/presse.tirol.at\/nl\/wp-json\/wp\/v2\/users\/40"}],"wp:term":[{"taxonomy":"attachment_category","embeddable":true,"href":"https:\/\/presse.tirol.at\/nl\/wp-json\/wp\/v2\/attachment_category?post=270829"},{"taxonomy":"attachment_tag","embeddable":true,"href":"https:\/\/presse.tirol.at\/nl\/wp-json\/wp\/v2\/attachment_tag?post=270829"}],"curies":[{"name":"wp","href":"https:\/\/api.w.org\/{rel}","templated":true}]}}

AUT, ÖRM, Ötztaler Radmarathon 2025

<!-- This site is optimized with the Yoast SEO plugin v25.1 - https://yoast.com/wordpress/plugins/seo/ -->
<title>AUT, ÖRM, Ötztaler Radmarathon 2025 - Presse.Tirol</title>
<meta name="robots" content="index, follow, max-snippet:-1, max-image-preview:large, max-video-preview:-1" />
<link rel="canonical" href="https://presse.tirol.at/nl/aut-oerm-oetztaler-radmarathon-2025-6-2/" />
<meta property="og:locale" content="nl_NL" />
<meta property="og:type" content="article" />
<meta property="og:title" content="AUT, ÖRM, Ötztaler Radmarathon 2025 - Presse.Tirol" />
<meta property="og:description" content="30.08.2025, Sölden, AUT, ÖRM, Ötztaler Radmarathon 2025, im Bild Übersicht Start // Übersicht Start during the 44th …" />
<meta property="og:url" content="https://presse.tirol.at/nl/aut-oerm-oetztaler-radmarathon-2025-6-2/" />
<meta property="og:site_name" content="Presse.Tirol" />
<meta property="article:modified_time" content="2025-08-31T16:13:08+00:00" />
<meta property="og:image" content="https://presse.tirol.at/app/uploads/2025/08/EXPA-GRO-250831-5003-scaled.jpg" />
	<meta property="og:image:width" content="2560" />
	<meta property="og:image:height" content="1707" />
	<meta property="og:image:type" content="image/jpeg" />
<meta name="twitter:card" content="summary_large_image" />
<meta name="twitter:label1" content="Written by" />
	<meta name="twitter:data1" content="Anna Katharina Pony" />
<script type="application/ld+json" class="yoast-schema-graph">{"@context":"https://schema.org","@graph":[{"@type":"WebPage","@id":"https://presse.tirol.at/nl/aut-oerm-oetztaler-radmarathon-2025-6-2/","url":"https://presse.tirol.at/nl/aut-oerm-oetztaler-radmarathon-2025-6-2/","name":"AUT, ÖRM, Ötztaler Radmarathon 2025 - Presse.Tirol","isPartOf":{"@id":"https://presse.tirol.at/nl/#website"},"datePublished":"2025-08-31T15:00:30+00:00","dateModified":"2025-08-31T16:13:08+00:00","inLanguage":"nl-NL","potentialAction":[{"@type":"ReadAction","target":["https://presse.tirol.at/nl/aut-oerm-oetztaler-radmarathon-2025-6-2/"]}]},{"@type":"WebSite","@id":"https://presse.tirol.at/nl/#website","url":"https://presse.tirol.at/nl/","name":"Presse.Tirol","description":"Regionale Presseplattform der Tirol Werbung und den Tiroler Tourismusverbänden","potentialAction":[{"@type":"SearchAction","target":{"@type":"EntryPoint","urlTemplate":"https://presse.tirol.at/nl/?s={search_term_string}"},"query-input":{"@type":"PropertyValueSpecification","valueRequired":true,"valueName":"search_term_string"}}],"inLanguage":"nl-NL"}]}</script>
<!-- / Yoast SEO plugin. -->

AUT, ÖRM, Ötztaler Radmarathon 2025 - Presse.Tirol

30.08.2025, Sölden, AUT, ÖRM, Ötztaler Radmarathon 2025, im Bild Übersicht Start // Übersicht Start during the 44th …

Regionale Presseplattform der Tirol Werbung und den Tiroler Tourismusverbänden

<p>30.08.2025, Sölden, AUT, ÖRM, Ötztaler Radmarathon 2025, im Bild Übersicht Start // Übersicht Start during the 44th …</p>

30.08.2025, Sölden, AUT, ÖRM, Ötztaler Radmarathon 2025, im Bild Übersicht Start // Übersicht Start during the 44th OeRM, Oetztal Radmarathon. Sölden, Austria on 2025/08/30. EXPA Pictures © 2025, PhotoCredit: EXPA/ Johann Groder

Österreich

ÖRM

Ötztal

Ötztalmarathon
